 Let g be 4/m - (-148)/15. Calculate the remainder when a(g) is divided by 19.
16
Suppose -4357 = -3*r + 4*d, -1474 = -r - 4*d + d. What is the remainder when r/6 + (-8)/96*2 is divided by 41?
38
Let f(h) = 4*h**3 + 5*h - 3*h**3 + 2615*h**2 - 2598*h**2 + 110. What is the remainder when 37 is divided by f(-17)?
12
What is the remainder when 237 is divided by 96 - 69 - (14 - 0)?
3
Calculate the remainder when ((-12)/14)/(-3) - (-16376)/161 is divided by 28.
18
Suppose 21*k - 22*k + 5 = 0. Let b(z) = -10*z - 2. Let f be b(k). Let d = 62 + f. What is the remainder when 78 is divided by d?
8
Let d = -324 - -210. Let h = d - -142. Calculate the remainder when 669 is divided by h.
25
Suppose o + 109 = 3*h, 20 = 4*o - 0*o. Suppose h*z - 43*z + 2300 = 0. Suppose 0*m - 2*p + z = 4*m, -8 = -4*p. What is the remainder when m is divided by 23?
22
Let c(v) = -v**3 - 5*v**2 + v + 11. Let i be c(-5). Suppose -4*t = i + 34. What is the remainder when 18 is divided by (t/(-5 - -3))/1?
3
Let w(g) = 2*g**3 - 74*g**2 - 418*g + 39. What is the remainder when 4792 is divided by w(42)?
118
Suppose -15879*n = -16127*n + 1984. Let i = 90 + -62. What is the remainder when i is divided by n?
4
Suppose 0*a = 5*n + a - 183, 3*n - 115 = 2*a. Calculate the remainder when 144*1 - (-11 - -11) is divided by n.
33
Let f(a) = -a**3 + 8*a**2 - 6*a. Let j = 6959 + -6877. Calculate the remainder when j is divided by f(6).
10
Let r be (-63)/4 - 9/36. Let o be 1/(-8) - 2546/r. Suppose 0 = -4*a + 3*y + o, a + a = 2*y + 78. Calculate the remainder when a is divided by 9.
6
Suppose 39 = 12*z + 3. Let i(d) = 16*d + 5. What is the remainder when 96 is divided by i(z)?
43
Calculate the remainder when -7 + (-1346)/(-16) + (-6)/48 is divided by 64.
13
Let i(f) = 41*f**2 + 281*f - 1082. What is the remainder when i(4) is divided by 213?
59
Suppose -11*b + 385 = -3850. Let c = b - 379. Calculate the remainder when 32 is divided by c.
2
Suppose 0 = 3*c - p - 4792, -4122 = -4*c - p + 2265. What is the remainder when c is divided by 17?
16
Calculate the remainder when ((-4)/(-5) + 1932/(-115))*-136 is divided by 11.
9
Let x = -2429 - -2439. Calculate the remainder when 6069 is divided by x.
9
Let y = 374 + -266. Let f = 211 - y. What is the remainder when f is divided by 29?
16
Calculate the remainder when 469 is divided by (-4)/(((-144)/(-516))/(-6)).
39
Suppose 12939 = -39*k + 58*k. Calculate the remainder when k is divided by 22.
21
Suppose 0 = 8*b - 7*b - 336. Let m = b - 112. Suppose 0 = 12*z - m - 112. What is the remainder when 83 is divided by z?
27
Let l = 150 + -180. Let i = l - -29. What is the remainder when ((-6)/(-12))/(i/(-142)) is divided by 19?
14
Let f = -3009 - -3175. What is the remainder when f is divided by 65?
36
Suppose -6*h = 4 + 188. Suppose 4*j - 4 = -0*j. Calculate the remainder when 128/h*3/(-2) is divided by j.
0
Let h = -39 - -40. Let z = h - -16. Let t = -11 + z. Calculate the remainder when 41 is divided by t.
5
Let c = -6084 - -6701. What is the remainder when c is divided by 168?
113
Suppose -4*c + 3*l = -680 - 545, 2*l - 1514 = -5*c. Calculate the remainder when c is divided by 132.
40
Suppose -27*m = -33 - 21. Suppose -195 = -m*a - h, -a - 4*h + 63 + 31 = 0. Calculate the remainder when a is divided by 27.
17
Suppose -390 = 45*y - 75*y. Calculate the remainder when (7/3 - 1)/((-1)/(-204)) is divided by y.
12
Let w be (7/(-3))/(-7) - (-2)/(-6). Suppose w = 3*b + 68 - 116. What is the remainder when b is divided by 7?
2
Let b be 20/(-8) - (399/(-6) - -1). What is the remainder when (-2 - (-48)/21) + 23733/b is divided by 42?
41
Let n(a) = a**3 - 12*a**2 + 8*a - 82. Let l be n(9). Let y = l + 260. What is the remainder when 39 is divided by y?
4
Let v(g) = -4*g**3 - g**2 + 2*g - 1. Suppose -28*y = -6*y - 11286. Let b = 550 - y. Calculate the remainder when b is divided by v(-2).
14
Let u = -7483 + 7845. What is the remainder when u is divided by 88?
10
Let m be 50/(-30) - 1285/3. Let j = 462 + m. Calculate the remainder when 254 is divided by j.
30
Suppose -12*i + 119*i - 14445 = 0. What is the remainder when 242 is divided by i?
107
Let y(p) = -p**2 + 21*p - 9. Let w be 3/(3 - 0) + 81. Let f = 116 - w. Calculate the remainder when y(10) is divided by f.
33
Calculate the remainder when 4703 + ((-1628)/264 - 3/(-18)) is divided by 4.
1
Let u(y) = 20*y - 8. What is the remainder when u(8) is divided by (-8129)/(-154) + 1/(14/3)?
46
Let h(x) = -3*x**2 + 13*x + 2. Let l(w) = -w**2 + 6*w + 1. Let s(t) = -4*h(t) + 9*l(t). What is the remainder when 82 is divided by s(-3)?
16
Let b = 3 + 19. Let p(c) = 44*c + 253. What is the remainder when p(-4) is divided by b?
11
Suppose 3*h + 186 = 305*k - 304*k, 3*h = -5*k + 804. Calculate the remainder when k is divided by 66.
33
Let r(k) = k**2 - 10*k + 4*k - 27 + 0*k**2. Let z be r(9). Suppose 2*b - 4*n - 364 = -2*b, z = b + n - 95. What is the remainder when b is divided by 32?
29
Suppose 204*m = 199*m + 3*g + 199, 5*g + 15 = 0. Calculate the remainder when 4016 is divided by m.
26
Calculate the remainder when (10 - -16814)*((-133)/(-14) + -9) is divided by 14.
12
Calculate the remainder when 1320 is divided by ((20 - 12 - 9)/((-3)/57))/1.
9
Suppose 1133*q + 2369 - 17098 = 0. Let f(h) = -h**2 + 8*h - 4. Calculate the remainder when q is divided by f(6).
5
Suppose -2*t = -7*t, z = -4*t - 9. Let f = 27 + z. What is the remainder when f is divided by ((-136)/(-306))/(1/9)?
2
What is the remainder when 46 is divided by 4807/266 + 6/(-84)?
10
Let p(y) = 5*y**2 - 128*y - 411. Calculate the remainder when p(30) is divided by 15.
9
Suppose 8*c = 4*c - 28. Let x = -5 - c. Suppose -3*y - 5*a + 14 = 0, -4*a + 0*a = x*y - 8. Calculate the remainder when 22 is divided by y.
6
Let q = -5 - -51. Suppose -i = 4*y - 2*i - 87, -2*i + 68 = 3*y. Let z = q - y. Calculate the remainder when 95 is divided by z.
23
Let q = 20 + 28. Calculate the remainder when (22/(-8))/((-3)/q) is divided by (1 - (-14)/(-10))/(127/(-5080)).
12
Let f be 1345/15 + (-8)/(-24). Suppose -6426 + f = -36*m. What is the remainder when m is divided by 59?
58
Let v = -441 - -228. Let m = v + 307. What is the remainder when m is divided by 16?
14
Let g = 99 + -98. What is the remainder when 5 - (-260)/g - -2 is divided by 30?
27
Suppose 5*i - i + 28 = 0. Calculate the remainder when 69 is divided by ((-8)/14)/(i + 1701/245).
9
Calculate the remainder when (0 - (-285)/2)*2 is divided by 11/(33/(-28))*(912/133)/(-8).
5
Suppose -4*z + 2*j + 3942 = 0, -64*z = -67*z - j + 2959. What is the remainder when z is divided by 21?
20
Let x be ((-6)/4)/((-225)/1200). Suppose -x*v = -3*v - 230. What is the remainder when 275 is divided by v?
45
Let t(v) = -v - 1. Suppose -m = -2*m - 5. Suppose 5*r = r + 36. Calculate the remainder when r is divided by t(m).
1
Suppose 104 = 3*m + 4*r, m + 3*r - 135 + 97 = 0. What is the remainder when 122 is divided by m?
26
Suppose -7*f + 453 = -64*f + 5013. Calculate the remainder when 119 is divided by f.
39
Let d be 5*(12/42 - (-22)/70). Let o(h) = -3*h**3 + h + 0*h + 2*h**d. Calculate the remainder when 19 is divided by o(-2).
1
Let b(d) = d**2 + 21*d + 95. What is the remainder when 595 is divided by b(-4)?
1
Let w = 20064 + -19375. Calculate the remainder when w is divided by 68.
9
Suppose 26*z - 21*z = m - 28, -2*z + 275 = 5*m. Suppose -r - 1 = -12. What is the remainder when m is divided by r?
9
Calculate the remainder when 338 is divided by (8 - ((9 - 7) + 0)) + 12.
14
Suppose 9*b + 79*b - 18656 = 0. Calculate the remainder when b is divided by 53.
0
Let y = -17614 - -17622. Let j = 6 + -4. What is the remainder when j/(-6) + (-236)/(-6) is divided by y?
7
Let w = -468 + 379. Calculate the remainder when (-9 - (w + -1)) + -9 is divided by 29.
14
Let n = -5111 - -5249. Calculate the remainder when n is divided by 48.
42
Suppose -41*s = -35*s - 402. Let a = -49 + 53. Suppose -y + 5*y = 5*d - 110, 4*d - a*y = 92. What is the remainder when s is divided by d?
13
Let l = 27 - 3. Suppose -10 = -3*b + 5. Calculate the remainder when l is divided by b.
4
Let p = -39 - -43. Suppose 320 = 2*h - p*z + 5*z, -4*h = 5*z - 646. What is the remainder when h is divided by 32?
31
Suppose 4*b + 23 = 3. Let z(u) = -9*u - 6. Suppose 33 - 128 = -2*i + 5*r, 85 = i - 5